se
Suppose 6*d = d + 55. Is d a prime number?
True
Suppose 21 + 19 = 5*o. Let l(u) = o*u - 25*u + 0*u**2 - 3 - 3*u**2 + 2*u**2. Is l(-7) composite?
False
Let z(d) = -4*d**3 + 3*d**2 + 4*d + 1. Let l be z(-5). Let b = 15 + -12. Suppose -b*r - r = -l. Is r prime?
True
Suppose -2*z - 24 = -6*z. Is 62/z + (-1)/3 a composite number?
True
Let t = 4 - 1. Suppose 0 = -t*q + q. Suppose -s + 3*l = -4*s + 66, q = l - 1. Is s a prime number?
False
Is ((-10)/6)/(8/(-168)) prime?
False
Let v = 8 - 3. Suppose 26 = v*s + 5*j - 314, 4*j = -3*s + 205. Is s a prime number?
True
Let t = 30 - -25. Let u = t - -16. Is u a prime number?
True
Let p be ((-6)/(-5))/((-2)/(-30)). Suppose -13 = 3*d + 4*v, 30 + 35 = -5*d + 2*v. Let j = d + p. Is j composite?
False
Let a = 2878 - 1185. Is a a prime number?
True
Let a(r) = -222*r + 1. Is a(-4) a prime number?
False
Let a(i) be the third derivative of i**5/30 + i**4/3 + 5*i**3/6 + 2*i**2. Is a(11) prime?
False
Let d = -682 + 1941. Is d a composite number?
False
Suppose -h + 185 = 2*f, 5*h = -3*f + 255 + 33. Let r be ((-8)/(-10))/(14/105). Let o = f - r. Is o a composite number?
True
Let i(o) = o**2 + 2*o - 2. Is i(-13) composite?
True
Let h be 1*-857 - (-4 - -1). Let y = -607 - h. Is y composite?
True
Suppose 12*x - 575 = 7*x. Is x a composite number?
True
Is (-2)/(-5) + 12897/45 a prime number?
False
Let z(v) = 172*v**2 + v - 16. Is z(3) prime?
False
Let q(w) = 439*w**2 + 2*w + 1. Let b be q(-2). Suppose -5*h = 543 - b. Suppose i = -23 + h. Is i a prime number?
False
Let h = -8 + 11. Suppose 5*v + 2*a - 807 = 0, -331 = -h*v + 2*a + 166. Is v a composite number?
False
Let h(n) = 11*n**2 - 6*n + 4. Is h(9) composite?
True
Let t = 492 + -335. Suppose 7*k - 5*k - 89 = 5*z, -4*k + t = -3*z. Is k a prime number?
True
Suppose -12*g + 7*g = -1255. Is g composite?
False
Let g = 117 - -10. Is g a composite number?
False
Suppose -502 = -3*f + f. Let i = -70 - f. Let m = -206 - i. Is m prime?
False
Let h(f) = 3*f**2 - 3*f - 7. Is h(6) prime?
True
Suppose 2*y - 26 = -0*y. Let b = -23 + y. Is 1552/10 - (-2)/b a prime number?
False
Let y = -886 - -1499. Is y prime?
True
Suppose 587 = 4*z - 825. Is z a composite number?
False
Let n(f) = 29*f. Let p be n(1). Suppose p = 3*x - 2*u, 11 + 49 = 5*x - u. Is x prime?
True
Let f(n) = 2*n - 14. Let r be f(10). Let j = 4 - 4. Suppose j = o - r*o + 75. Is o composite?
True
Let t(n) = n**2 + 11*n + 2. Let r be t(-11). Suppose 2*h + 0*s - 4*s = 166, -s = r*h - 176. Is h a composite number?
True
Suppose 5 + 15 = 5*m. Let z be 662/14 + m/(-14). Suppose 5*h = -z + 152. Is h composite?
True
Let k(i) = 2*i**2 + 11*i - 12. Is k(-13) composite?
True
Let z(j) = -22*j - 3. Let t(c) = 21*c + 2. Let i(o) = 3*t(o) + 2*z(o). Is i(3) a composite number?
True
Let j(x) = 2*x**2 - 3*x - 3. Let k be j(3). Is -74*3/k*-2 a prime number?
False
Let v be 1/(4/(-1 - -5)). Is (v*2536)/4 + 1 a prime number?
False
Let p = 55 + 419. Suppose -251 - p = -5*h. Is h prime?
False
Let r = 3 - 5. Is ((-4)/4)/(r/38) composite?
False
Let s(o) = -4*o**3 - 2*o**2 - 2*o. Let y be s(-2). Suppose 4*x - y = -0*x. Is x a prime number?
True
Let y(l) = 29*l**3 + 9*l**2 - 9*l + 9. Is y(4) composite?
False
Suppose q - 36 = 5*r - 130, -92 = -5*r + 3*q. Is r composite?
False
Let v = -1149 + 1663. Is v composite?
True
Let t(g) = 13*g + 5. Is t(12) composite?
True
Suppose v + 195 = -114. Is -4*(v/12 + 0) composite?
False
Let l be (-1 + 0)/((-3)/(-6)). Let o(c) = c**3 + 3*c**2 - 4*c - 3. Is o(l) a composite number?
True
Suppose -2*x - 3 = 5. Let k be (-24)/6*(-2)/x. Is -2 + 0 + 73 + k a composite number?
True
Let l(q) = 18*q - 2*q + 21*q - 4*q - 1. Is l(4) a prime number?
True
Suppose 140 = -0*o - 4*o. Is (0 - o - 0) + 2 a prime number?
True
Suppose 3*b - 151 = 122. Let n be b + 2 - 0/2. Suppose -4*p = 5*d - n, 5*d + p - 65 = 37. Is d a prime number?
False
Let n(m) = 136*m + 3. Is n(5) a composite number?
False
Suppose 0 = -5*r + 52 + 3. Suppose -2 = -f + r. Is f a composite number?
False
Suppose h + 59 = 2*h. Suppose 3*t - 4*t = -h. Is t a prime number?
True
Suppose 2*g - 6*g = 0. Let q be (g + -1)*2*-107. Suppose i - 2*l = 5*i - q, 0 = -5*i - l + 266. Is i a composite number?
False
Let m = -241 + 584. Suppose 0 = r - m - 546. Is r a composite number?
True
Suppose -3*t = -t - 4*y - 10, 4*t + 4*y - 68 = 0. Is t prime?
True
Is ((-717)/15)/(1/(-5)) composite?
False
Let w = 11 + -8. Suppose 0 = -5*m + 25, -4*o + 0*m - 3*m + 711 = 0. Suppose -w*p + o = -p. Is p composite?
True
Let p(w) = 8*w**3 + 6*w - 10. Is p(4) a prime number?
False
Let n(k) = -k**2 - 7*k + 1. Suppose 50 = 5*t + 5*q, 3*t + 18 = -4*q + 53. Suppose -w = -5*i - 7, -t*w + 6*i = i + 5. Is n(w) prime?
True
Let c = 8 + -5. Suppose 598 = -i + c*i. Suppose -3*g + 4*w = -i, -380 = -2*g - 2*g - 4*w. Is g a composite number?
False
Let b(i) be the first derivative of i**4/4 + i**3/3 + i**2/2 + 34*i - 3. Is b(0) a prime number?
False
Let d be (42/(-12))/(1/(-94)). Let z = d + -34. Is z a composite number?
True
Let i(r) = r - 4. Let d be i(7). Suppose 3*n + d = -5*q, -2*n - 2*n = -4*q - 28. Let f(z) = z**2 - 2*z - 1. Is f(n) a prime number?
True
Let z(s) = -s + 4. Let l be z(4). Suppose l*t = 2*t. Suppose -4*h + h + 45 = t. Is h prime?
False
Let m = -39 + 166. Is m composite?
False
Suppose 0 = -z + 1 - 2. Suppose 0 = -3*n + g, -4*g = -4*n + 2 + 6. Is (6 - 0) + z/n a composite number?
False
Let q be -41 + 0 + (0 - 0). Let x = 19 + q. Let j = 9 - x. Is j composite?
False
Is (14/8)/(3 - 42136/14048) composite?
True
Suppose -2*o + 2*m = 571 - 1927, -5*m - 682 = -o. Is o a prime number?
True
Suppose 5 + 7 = 4*b - 3*u, -4*b = u - 12. Suppose -n - b*n = 5*t - 279, -2*n = -3*t - 145. Let r = n + -50. Is r prime?
False
Let k(p) be the third derivative of 1/2*p**3 - 1/60*p**5 + p**2 + 0 + 1/8*p**4 + 0*p. Is k(3) composite?
False
Let u = 0 - 0. Suppose u*h + 2*h = 118. Is h a composite number?
False
Let x be (-6)/(-9)*18*-3. Let y = x - -134. Suppose -4*w - g + 256 + y = 0, 3*g - 83 = -w. Is w composite?
False
Is (50/(-4) + 1)/(29/(-638)) composite?
True
Is -1*-1126*4/8 a composite number?
False
Let c(n) = 6*n - 5*n**2 - n**2 + n**2 + 3 + 0*n**2 + n**3. Let w be c(5). Suppose -2*f = -499 + w. Is f prime?
True
Is 1/(-6)*-3*130 composite?
True
Suppose -1011 = 3*t - 2877. Suppose j + 1174 = 5*x, -5*x = -4*j + t - 1793. Is x prime?
False
Suppose 0 = -5*c + 5*n + 1 + 9, -3*c + 4 = -5*n. Suppose -300 - 687 = -c*u. Is u composite?
True
Let a be 50/(-15)*6/2. Is (-2126)/a + 20/50 a composite number?
True
Suppose -6*f + 6349 = f. Is f a composite number?
False
Let o(d) = d**3 + 7*d**2 + 16*d - 4. Is o(7) a composite number?
True
Let p be 3 + -6 - -1 - -669. Let n = 1048 - p. Is n a composite number?
True
Let c be (1/2)/((-5)/(-410)). Suppose c + 27 = 2*j. Is j composite?
True
Suppose 0 = -y - 2*z + 8 + 12, 4*y - z = 44. Is 106/2 - (y + -14) a composite number?
True
Let b(v) = 3*v**2 + 16. Is b(7) prime?
True
Suppose -11*f = -13*f + 614. Is f a prime number?
True
Suppose 4*k = -5*t - 12, 3*t + 0*t + 14 = k. Is 2/t*0 + 251 a composite number?
False
Let y(l) = -140*l + 3. Let r be y(-4). Suppose -4*k + j + j = -744, -3*k = j - r. Is k prime?
False
Let y = 862 + -489. Is y a prime number?
True
Let m = 2 + 1. Let s(b) = 3*b**3 - 4. Let t be s(m). Suppose -2*g + 58 = 2*f + 18, -t = -4*g - 5*f. Is g prime?
True
Let m(r) = 39*r**2 + 3*r. Let d be m(-3). Let o = d - 209. Is o composite?
True
Let m(k) = 9*k**2 + 3*k + 7. Suppose -10 = 3*i - i. Is m(i) a composite number?
True
Suppose -5*q - j = -32, -q + 4*j - 20 = -3*q. Let i(d) = -3*d - 2*d**2 - 8 + q + 4*d**3 - 5*d**3. Is i(-2) a composite number?
True
Is 2376/3 - (2 - 1) a prime number?
False
Suppose 3*r - r = -4*v + 502, 0 = v + r - 124. Is v prime?
True
Let i(t) = -6*t - 1. Let l be -3 + (0 - -3)/(-3). Let n be i(l). Suppose 5*y - 12 = n. Is y prime?
True
Is ((-41)/2)/(2/(-28)) prime?
False
Let v be 0/(-1 + -1 - -1). Suppose 3*u + v*u + 3*g = 1755, u = -4*g + 591. Is u prime?
False
Suppose 71*i = 74*i - 3849. Is i prime?
True
Let m(c) = 11*c**2 + 3*c - 1. Let y be (3/(-3))/1 + -2. Is m(y) composite?
False
Let r(o) = 2*o - 7. Let i be r(-7). Let l = i - -35. Is l a composite number?
True
Let y = -561 - -1088. Is y a prime number?
False
Is 4862/14 + 8/(-28) a composite numb